on divisor of 1113490 and 1280?
10
Calculate the highest common factor of 387642605 and 470.
235
Calculate the highest common factor of 2241 and 39339.
27
Calculate the greatest common factor of 262726800 and 5600.
2800
Calculate the greatest common divisor of 8187939 and 18.
9
Calculate the highest common divisor of 111898879 and 68.
17
Calculate the highest common factor of 368536455 and 126.
63
Calculate the greatest common factor of 1224931 and 3451.
29
What is the greatest common factor of 3303426 and 224?
14
Calculate the greatest common divisor of 300330 and 95880.
1410
What is the greatest common factor of 266162 and 21886?
706
What is the greatest common divisor of 53890394 and 398?
398
What is the greatest common divisor of 837220 and 4933472?
4084
What is the highest common factor of 7725 and 1798800?
75
What is the highest common factor of 18920219 and 19?
19
Calculate the greatest common divisor of 119994067 and 218.
109
Calculate the highest common factor of 27098350 and 150.
50
What is the greatest common factor of 8788804 and 2567?
151
What is the greatest common divisor of 5299488 and 16?
16
Calculate the highest common divisor of 18225 and 6840630.
45
Calculate the greatest common factor of 3008 and 30810004.
188
Calculate the highest common factor of 64 and 2772412.
4
Calculate the highest common divisor of 140 and 30324868.
28
Calculate the highest common divisor of 27248166 and 198.
198
Calculate the greatest common factor of 56481950 and 5950.
350
What is the greatest common divisor of 963 and 35374200?
321
What is the greatest common factor of 2795 and 4724668?
559
What is the greatest common factor of 28489 and 324407?
919
Calculate the highest common divisor of 8627027 and 274.
137
What is the highest common factor of 16 and 81377528?
8
Calculate the highest common factor of 2501 and 3360442.
41
What is the highest common factor of 5430 and 429915?
15
Calculate the greatest common divisor of 92 and 33811748.
92
What is the highest common divisor of 52013 and 14066?
13
Calculate the highest common factor of 3470731 and 44.
11
Calculate the greatest common divisor of 13370268 and 3564.
12
What is the highest common divisor of 19197114 and 15606?
1734
What is the highest common divisor of 3640 and 2079140?
140
What is the highest common factor of 7315 and 3582810?
385
What is the greatest common factor of 2675298 and 72?
6
What is the greatest common divisor of 12562714 and 2656?
166
What is the highest common factor of 67098 and 2365602?
318
Calculate the greatest common divisor of 13410110 and 145435.
5015
What is the greatest common divisor of 4230 and 2375568?
846
What is the greatest common divisor of 2347296 and 150528?
4704
What is the greatest common factor of 20 and 206106675?
5
Calculate the highest common divisor of 805030 and 5.
5
What is the highest common factor of 928 and 41917296?
464
Calculate the highest common factor of 138720 and 272034.
102
Calculate the highest common divisor of 554839450 and 7825.
7825
Calculate the greatest common factor of 309403467 and 81.
9
Calculate the greatest common factor of 483504091 and 35.
7
What is the greatest common factor of 882 and 9936?
18
What is the greatest common divisor of 26027 and 4556?
17
What is the highest common factor of 27664 and 515641?
133
Calculate the greatest common divisor of 143 and 1697091.
11
Calculate the greatest common factor of 58582 and 986.
34
Calculate the highest common factor of 2747484 and 306.
18
What is the greatest common factor of 1494 and 19629915?
249
Calculate the highest common factor of 1100 and 622996.
44
What is the greatest common divisor of 219352 and 6706?
14
Calculate the highest common divisor of 21290353 and 343.
343
Calculate the greatest common divisor of 1716276 and 159132.
1068
Calculate the highest common divisor of 72099 and 18.
9
What is the greatest common divisor of 175 and 11181415?
35
Calculate the highest common divisor of 159925198 and 42868.
3062
What is the highest common factor of 919628 and 16837?
149
What is the highest common divisor of 3834 and 54254556?
54
What is the greatest common factor of 101801 and 343?
7
Calculate the highest common divisor of 426220872 and 528.
264
Calculate the highest common factor of 11484 and 412632.
396
What is the greatest common factor of 99648540 and 405?
45
Calculate the highest common divisor of 226 and 5515869.
113
What is the greatest common factor of 276258847 and 3271?
3271
What is the highest common divisor of 82360 and 4814696?
232
What is the highest common factor of 64636 and 138292?
44
Calculate the greatest common divisor of 28613 and 42387.
71
Calculate the highest common factor of 141314404 and 68068.
5236
Calculate the greatest common factor of 470226 and 202958.
218
Calculate the greatest common divisor of 24787280 and 245.
35
What is the greatest common factor of 35 and 165395?
5
Calculate the highest common divisor of 2044916 and 296.
148
What is the greatest common factor of 2680 and 838505?
335
Calculate the greatest common divisor of 43050 and 9205.
35
What is the highest common factor of 36866 and 150?
2
What is the highest common factor of 3017791 and 12390?
413
Calculate the greatest common divisor of 10281 and 252885.
69
What is the greatest common divisor of 267092 and 3836?
28
Calculate the greatest common factor of 203 and 450821.
7
Calculate the greatest common divisor of 1274 and 232968981.
49
What is the highest common factor of 42 and 118106247?
21
What is the highest common factor of 3940592 and 22960?
656
What is the highest common divisor of 4826196 and 564?
12
Calculate the greatest common divisor of 545 and 939144.
109
Calculate the highest common divisor of 18723 and 61857.
237
Calculate the greatest common factor of 12180616 and 3381.
1127
What is the greatest common factor of 73214403 and 12372?
3093
Calculate the greatest common divisor of 69160 and 204411025.
8645
Calculate the highest common divisor of 26098 and 61782.
2
What is the highest common divisor of 30238 and 35645950?
2326
Calculate the greatest common divisor of 75937120 and 3080.
280
What is the greatest common factor of 1989612 and 5304?
204
Calculate the highest common factor of 3006076 and 2992.
68
What is the greatest common divisor of 12352 and 36038504?
1544
Calculate the highest common factor of 828 and 111209508.
828
What is the highest common factor of 200 and 357575?
25
Calculate the highest common factor of 5804 and 341931052.
5804
What is the greatest common divisor of 28825951 and 1573?
121
What is the greatest common factor of 264805152 and 5920?
1184
What is the highest common factor of 30150663 and 37848?
4731
Calculate the greatest common divisor of 55014 and 242892.
1038
Calculate the highest common factor of 5356279 and 237.
79
What is the greatest common factor of 107466334 and 11188?
5594
What is the highest common divisor of 69333 and 30976?
121
What is the greatest common factor of 4158 and 232862?
14
What is the highest common factor of 36 and 49668108?
12
What is the greatest common factor of 486217 and 3463813?
773
Calculate the highest common divisor of 3033 and 3951.
9
What is the greatest common divisor of 36801520 and 1120?
560
What is the greatest common factor of 18421 and 459511?
169
Calculate the greatest common divisor of 3897 and 396414531.
3897
Calculate the greatest common factor of 2205 and 4493349.
441
Calculate the greatest common divisor of 85 and 193700.
5
Calculate the highest common divisor of 848827 and 1190.
119
Calculate the greatest common factor of 4644278 and 18220.
1822
What is the greatest common factor of 658 and 42071251?
47
Calculate the greatest common factor of 12406783 and 447.
149
What is the greatest common divisor of 1457625 and 12395643?
11661
Calculate the greatest common divisor of 227631 and 14063637.
9897
Calculate the highest common divisor of 6342 and 711663.
453
Calculate the greatest common divisor of 96 and 7057632.
96
What is the greatest common divisor of 38663936 and 38?
38
Calculate the highest common divisor of 307 and 93697321.
307
What is the greatest common factor of 268713 and 828225?
3681
What is the highest common divisor of 40154 and 303517?
1181
What is the highest common